mber?
True
Is 985027 a prime number?
True
Is 103051 a composite number?
True
Is 42641 composite?
False
Is 49337 a composite number?
True
Is 12179 composite?
True
Is 30161 composite?
False
Is 1213729 composite?
True
Is 630559 a composite number?
False
Is 148847 composite?
True
Is 5981 prime?
True
Is 496969 a composite number?
True
Is 422537 a composite number?
False
Is 190691 composite?
True
Is 364057 composite?
True
Is 547609 a prime number?
True
Is 23603 composite?
False
Is 601487 prime?
True
Is 5293 prime?
False
Is 64373 prime?
True
Is 28327 prime?
False
Is 23699 a prime number?
False
Is 487177 composite?
False
Is 93091 prime?
False
Is 153971 a composite number?
True
Is 71447 prime?
False
Is 66047 composite?
False
Is 30746 a composite number?
True
Is 1679297 composite?
False
Is 14159 composite?
False
Is 56229 a composite number?
True
Is 4499 prime?
False
Is 2887 prime?
True
Is 420601 a composite number?
True
Is 91493 composite?
False
Is 1015193 composite?
True
Is 231799 a composite number?
False
Is 143783 composite?
True
Is 249338 composite?
True
Is 19661 composite?
False
Is 39359 a prime number?
True
Is 10821 a composite number?
True
Is 92459 a prime number?
True
Is 17467 composite?
False
Is 562 prime?
False
Is 48629 composite?
True
Is 1057 a composite number?
True
Is 199399 a prime number?
True
Is 348027 prime?
False
Is 31991 a composite number?
False
Is 255943 prime?
False
Is 31258 a composite number?
True
Is 10007 a prime number?
True
Is 18398 prime?
False
Is 3299 a prime number?
True
Is 1499 prime?
True
Is 12394 composite?
True
Is 513805 a prime number?
False
Is 351409 prime?
False
Is 335009 prime?
True
Is 179677 prime?
False
Is 7217 a composite number?
True
Is 146777 a prime number?
True
Is 10133 a prime number?
True
Is 225581 prime?
True
Is 30713 composite?
False
Is 1641007 composite?
False
Is 10589 composite?
False
Is 163841 prime?
True
Is 885877 a prime number?
False
Is 372693 composite?
True
Is 145577 prime?
True
Is 82201 a composite number?
True
Is 44867 prime?
True
Is 31877 a composite number?
True
Is 72859 prime?
True
Is 53069 prime?
True
Is 36262 a prime number?
False
Is 7493 composite?
True
Is 44111 prime?
True
Is 3491 prime?
True
Is 67121 a composite number?
False
Is 52597 composite?
True
Is 62819 a composite number?
False
Is 3694 a prime number?
False
Is 3491 a composite number?
False
Is 261673 composite?
False
Is 379511 a composite number?
True
Is 20365 composite?
True
Is 794323 composite?
True
Is 4381 prime?
False
Is 54461 prime?
False
Is 76169 composite?
True
Is 5557 a prime number?
True
Is 38287 composite?
False
Is 555251 a prime number?
True
Is 50937 a prime number?
False
Is 157954 composite?
True
Is 566503 a composite number?
True
Is 371 a composite number?
True
Is 37307 a prime number?
True
Is 801149 a prime number?
False
Is 3802 a prime number?
False
Is 3151 a composite number?
True
Is 2099 a prime number?
True
Is 65551 a composite number?
False
Is 232729 composite?
True
Is 574907 prime?
True
Is 106 a composite number?
True
Is 6457 a prime number?
False
Is 233821 composite?
True
Is 69857 a composite number?
False
Is 420457 composite?
False
Is 24043 composite?
False
Is 71157 composite?
True
Is 15947 composite?
True
Is 13753 a composite number?
True
Is 122329 composite?
True
Is 291211 composite?
True
Is 10921 composite?
True
Is 3427 a composite number?
True
Is 631859 a composite number?
False
Is 538709 composite?
False
Is 325067 a composite number?
True
Is 537491 prime?
False
Is 7993 a prime number?
True
Is 7483 a composite number?
True
Is 108569 a composite number?
True
Is 113323 a composite number?
True
Is 160333 a composite number?
True
Is 17833 a composite number?
True
Is 78737 prime?
True
Is 85009 a prime number?
True
Is 453953 prime?
False
Is 85807 a composite number?
True
Is 50521 composite?
True
Is 190997 prime?
True
Is 19373 prime?
True
Is 117761 a prime number?
False
Is 8461 prime?
True
Is 218357 a prime number?
True
Is 557 composite?
False
Is 10477 a prime number?
True
Is 11087 a composite number?
False
Is 631 a composite number?
False
Is 1529119 a prime number?
True
Is 157363 composite?
False
Is 38351 a prime number?
True
Is 5089 prime?
False
Is 96137 a prime number?
True
Is 2132687 composite?
True
Is 300217 a composite number?
True
Is 241313 a prime number?
True
Is 6463 prime?
False
Is 24029 prime?
True
Is 491737 composite?
False
Is 323 composite?
True
Is 8147 prime?
True
Is 632669 prime?
True
Is 904154 composite?
True
Is 91 a composite number?
True
Is 712651 a composite number?
False
Is 12661 a composite number?
True
Is 10999 prime?
False
Is 1937 a composite number?
True
Is 16301 composite?
False
Is 7056061 composite?
False
Is 310469 a prime number?
False
Is 671017 a prime number?
True
Is 158035 a composite number?
True
Is 35141 composite?
False
Is 80918 a composite number?
True
Is 726797 a composite number?
False
Is 1108303 a composite number?
True
Is 2705 a composite number?
True
Is 3989 a composite number?
False
Is 23431 a prime number?
True
Is 177 a prime number?
False
Is 116407 a prime number?
False
Is 234697 prime?
False
Is 6779 a composite number?
False
Is 16183 a prime number?
True
Is 62459 composite?
False
Is 129157 a composite number?
True
Is 19051 a prime number?
True
Is 79967 a composite number?
False
Is 8641 a composite number?
False
Is 187631 prime?
True
Is 51749 a composite number?
False
Is 7195 a prime number?
False
Is 5435 prime?
False
Is 264301 a prime number?
True
Is 36193 composite?
True
Is 12661 a prime number?
False
Is 34211 composite?
False
Is 2480597 a composite number?
True
Is 54539 a composite number?
False
Is 697997 composite?
True
Is 16721 a prime number?
False
Is 7661 composite?
True
Is 23269 a prime number?
True
Is 11722 a composite number?
True
Is 902749 composite?
True
Is 20386 a composite number?
True
Is 2897 prime?
True
Is 36217 a composite number?
False
Is 212029 composite?
False
Is 93671 composite?
True
Is 68279 a composite number?
False
Is 6497495 prime?
False
Is 255441 prime?
False
Is 14513 composite?
True
Is 939 a prime number?
False
Is 7829 composite?
False
Is 26153 composite?
False
Is 1731 composite?
True
Is 2482801 composite?
False
Is 35489 a prime number?
False
Is 8263 a composite number?
False
Is 6779 a prime number?
True
Is 35299 a composite number?
True
Is 87439 composite?
True
Is 2153 a prime number?
True
Is 647935 composite?
True
Is 64849 a prime number?
True
Is 17398 a prime number?
False
Is 35729 a prime number?
True
Is 131559 a composite number?
True
Is 91229 prime?
True
Is 1479047 a composite number?
False
Is 2215 prime?
False
Is 12641 a prime number?
True
Is 7817 a composite number?
False
Is 62193 a prime number?
False
Is 454277 a prime number?
True
Is 1166263 composite?
True
Is 10473 a composite number?
True
Is 611 prime?
False
Is 21871 prime?
True
Is 1693 a prime number?
True
Is 974089 a composite number?
False
Is 801769 composite?
True
Is 261889 a prime number?
False
Is 56387 prime?
False
Is 307253 composite?
False
Is 346631 composite?
True
Is 417689 a composite number?
True
Is 45919 composite?
True
Is 1085579 a composite number?
True
Is 2177 a prime number?
False
Is 2571409 prime?
True
Is 62171 a prime number?
True
Is 22109 a prime number?
True
Is 244417 a prime number?
False
Is 314947 composite?
True
Is 535457 a prime number?
False
Is 1454633 a composite number?
False
Is 28027 composite?
False
Is 2234417 prime?
True
Is 72001 prime?
False
Is 787 a prime number?
True
Is 140951 composite?
True
Is 985165 composite?
True
Is 453977 a composite number?
False
Is 5839 composite?
False
Is 2927 composite?
False
Is 7787 a composite number?
True
Is 36809 composite?
False
Is 69991 composite?
False
Is 414011 composite?
True
Is 10427 prime?
True
Is 20323 a composite number?
False
Is 3989 a composite number?
False
Is 20611 composite?
False
Is 15053 prime?
True
Is 531197 a composite number?
False
Is 165037 a composite number?
False
Is 277003 a prime number?
True
Is 39965 composite?
True
Is 34057 composite?
False
Is 10223 a prime number?
True
Is 102139 prime?
True
Is 849749 a prime number?
False
Is 5095 a composite number?
True
Is 47251 a composite number?
False
Is 12661 a composite number?
True
Is 34633 composite?
True
Is 208333 a composite number?
False
Is 147